is the greatest common divisor of 970 and 202231517?
97
Calculate the greatest common factor of 9984855 and 320757.
10347
Calculate the highest common factor of 18335 and 282938.
193
What is the highest common factor of 184429535 and 67771?
6161
What is the highest common divisor of 2038 and 75656674?
2038
Calculate the highest common divisor of 148 and 877445084.
148
What is the highest common factor of 75 and 3070475175?
75
Calculate the greatest common factor of 10841 and 260739.
37
What is the greatest common factor of 4522272 and 27166?
578
What is the highest common factor of 139202 and 15799?
427
Calculate the greatest common factor of 2848 and 454592.
32
Calculate the greatest common factor of 473661110 and 656.
82
Calculate the greatest common factor of 5062 and 207428105.
2531
What is the greatest common factor of 303390 and 17190?
90
Calculate the greatest common divisor of 1792 and 12113346.
14
What is the highest common factor of 2143447 and 551?
19
What is the highest common divisor of 10746 and 11513742?
1194
What is the highest common divisor of 32173609 and 481?
481
Calculate the highest common factor of 13674123 and 108.
27
What is the greatest common divisor of 5362 and 1068877166?
5362
Calculate the greatest common factor of 400918 and 4606.
98
What is the highest common divisor of 2567799 and 819?
117
What is the highest common factor of 342 and 56406022?
38
What is the greatest common divisor of 813899 and 1269?
47
What is the greatest common factor of 130 and 6102570?
10
What is the greatest common factor of 302087 and 1292545?
269
What is the greatest common factor of 24203016 and 756?
108
What is the greatest common divisor of 47272814 and 642?
214
What is the greatest common factor of 174835236 and 9?
3
Calculate the greatest common factor of 231 and 27558201.
33
Calculate the greatest common divisor of 7371 and 2266866.
567
Calculate the highest common divisor of 141192 and 32680224.
3816
Calculate the highest common divisor of 116 and 14190831.
29
Calculate the highest common factor of 40 and 417906530.
10
Calculate the greatest common factor of 27830 and 181654.
506
What is the highest common divisor of 1071520 and 1765640?
1480
What is the highest common divisor of 158875 and 114235?
155
Calculate the greatest common factor of 9339984 and 14541.
111
What is the greatest common factor of 6 and 11297502?
6
Calculate the greatest common factor of 22 and 584508892.
22
Calculate the greatest common divisor of 201294368 and 2816.
352
Calculate the greatest common factor of 115790 and 31640.
10
Calculate the greatest common factor of 47790 and 33534.
162
What is the highest common divisor of 1074981 and 21?
3
Calculate the greatest common divisor of 1178526530 and 1635.
545
What is the highest common divisor of 500 and 8710750?
250
What is the highest common divisor of 91 and 5794005?
7
Calculate the greatest common divisor of 9776970 and 5418.
126
Calculate the highest common divisor of 78351020 and 1100.
220
What is the highest common factor of 26036951 and 39230?
3923
What is the highest common divisor of 52 and 125624538?
26
Calculate the highest common divisor of 4872720 and 24.
24
What is the greatest common factor of 225475 and 344277?
311
What is the highest common divisor of 11088 and 355063632?
3696
What is the highest common divisor of 1645758846 and 36?
18
What is the highest common divisor of 14061 and 2021?
43
What is the highest common factor of 3 and 9291705?
3
What is the greatest common divisor of 34 and 97464638?
34
Calculate the greatest common factor of 1343 and 12886.
17
Calculate the greatest common divisor of 6863725 and 15883.
2269
Calculate the greatest common factor of 91030155 and 510.
255
Calculate the highest common factor of 3289 and 2687971.
143
Calculate the highest common divisor of 1635260 and 160.
20
Calculate the highest common divisor of 518175 and 100800.
1575
What is the greatest common factor of 428781 and 28354284?
9123
Calculate the greatest common factor of 39846437 and 1167.
389
What is the highest common divisor of 2208635196 and 7188?
7188
What is the greatest common factor of 355408 and 377392?
3664
Calculate the highest common divisor of 78 and 1525199.
13
What is the highest common divisor of 756 and 32189184?
108
Calculate the highest common divisor of 2638970 and 10810.
10
What is the greatest common divisor of 1410852 and 376?
4
What is the highest common factor of 19368244 and 7?
7
Calculate the highest common divisor of 120 and 140610390.
30
Calculate the greatest common divisor of 78 and 15203253.
39
Calculate the greatest common divisor of 572346 and 1170.
18
Calculate the highest common factor of 1841590 and 66490.
610
Calculate the greatest common factor of 741 and 70005.
39
What is the highest common divisor of 8797583 and 31?
31
What is the highest common factor of 1220471 and 6794?
79
What is the highest common divisor of 1351929976 and 516?
172
What is the greatest common divisor of 5112 and 59828008?
568
What is the highest common factor of 20 and 2175110?
10
Calculate the greatest common divisor of 141728112 and 144.
144
Calculate the highest common factor of 23821897 and 19085.
3817
What is the greatest common divisor of 81991092 and 12?
12
Calculate the greatest common divisor of 1512768950 and 11.
11
Calculate the greatest common divisor of 204366750 and 134.
134
What is the highest common divisor of 14570062 and 2418?
806
What is the highest common divisor of 232075046 and 12964?
6482
Calculate the greatest common factor of 122877 and 5617451.
1517
Calculate the highest common factor of 4745 and 223795.
65
Calculate the greatest common divisor of 88348 and 5824.
52
Calculate the highest common factor of 111150 and 306.
18
Calculate the greatest common divisor of 100921172 and 8815.
1763
Calculate the highest common divisor of 92878880 and 12760.
1160
What is the highest common divisor of 32 and 25632504?
8
Calculate the greatest common factor of 11610 and 213813.
27
Calculate the greatest common factor of 574 and 396142.
82
What is the highest common divisor of 368 and 1237837?
23
What is the highest common divisor of 1071 and 5752134?
9
What is the highest common factor of 6 and 81254256?
6
Calculate the highest common divisor of 640 and 229599744.
128
What is the highest common divisor of 3625 and 4337965?
145
What is the highest common factor of 407 and 11097427?
11
What is the greatest common factor of 2834064 and 3096?
72
What is the highest common divisor of 7 and 47347671?
7
Calculate the highest common divisor of 1465610394 and 67.
67
Calculate the highest common divisor of 38959828 and 31876.
2452
What is the highest common factor of 270072 and 499356?
396
Calculate the greatest common factor of 192 and 4695348.
12
What is the highest common factor of 116507713 and 59?
59
What is the greatest common factor of 532 and 60995244?
76
Calculate the greatest common divisor of 135795 and 22434980.
4115
Calculate the highest common divisor of 2466 and 9286134.
822
Calculate the greatest common divisor of 2755 and 126225835.
2755
Calculate the highest common factor of 5 and 14246795.
5
Calculate the highest common factor of 3141 and 3664849.
349
What is the highest common divisor of 41689571 and 4323?
1441
Calculate the highest common factor of 1278693 and 80146.
3643
Calculate the greatest common factor of 764167 and 25036.
569
Calculate the greatest common factor of 594173 and 221803.
1619
Calculate the greatest common factor of 3971811 and 444744.
6177
Calculate the highest common factor of 6924539 and 3007.
97
What is the greatest common factor of 4020 and 84135960?
60
What is the greatest common factor of 11 and 11154077?
11
What is the highest common divisor of 7709 and 45?
1
What is the highest common factor of 4596171 and 34?
17
What is the highest common divisor of 11505747 and 604?
151
What is the highest common factor of 8796578 and 196?
98
What is the greatest common divisor of 1669 and 23132340?
1669
Calculate the greatest common divisor of 780 and 5102502.
6
What is the greatest common factor of 3150 and 44572325?
175
What is the highest common factor of 192067 and 7160?
179
Calculate the highest common divisor of 224032 and 20995999.